35?
2
What is the tens digit of 363673960?
6
What is the ten millions digit of 2831918122?
3
What is the units digit of 2144871740?
0
What is the hundreds digit of 18995620?
6
What is the hundred thousands digit of 8487252?
4
What is the hundreds digit of 705794433?
4
What is the hundred thousands digit of 15340807?
3
What is the billions digit of 1540507975?
1
What is the hundred millions digit of 2148888585?
1
What is the ten thousands digit of 305795911?
9
What is the thousands digit of 156069405?
9
What is the units digit of 144876456?
6
What is the millions digit of 9399697?
9
What is the thousands digit of 412720281?
0
What is the ten millions digit of 46363349?
4
What is the tens digit of 8895853?
5
What is the tens digit of 108443940?
4
What is the units digit of 791534817?
7
What is the tens digit of 178078865?
6
What is the hundred thousands digit of 1663762699?
7
What is the tens digit of 622360692?
9
What is the hundreds digit of 676379116?
1
What is the hundred millions digit of 241857212?
2
What is the hundred thousands digit of 298888267?
8
What is the ten thousands digit of 91364410?
6
What is the millions digit of 20241080?
0
What is the ten millions digit of 158288242?
5
What is the ten thousands digit of 6835210?
3
What is the ten thousands digit of 251342568?
4
What is the ten thousands digit of 478355941?
5
What is the millions digit of 124012957?
4
What is the tens digit of 1360812?
1
What is the tens digit of 79868265?
6
What is the thousands digit of 47270872?
0
What is the hundreds digit of 325589949?
9
What is the hundred thousands digit of 50483043?
4
What is the tens digit of 5118422879?
7
What is the hundred thousands digit of 30962309?
9
What is the ten thousands digit of 599613263?
1
What is the millions digit of 32182694?
2
What is the tens digit of 20693938?
3
What is the thousands digit of 700559472?
9
What is the hundred millions digit of 5236556636?
2
What is the ten millions digit of 12204154?
1
What is the millions digit of 58186469?
8
What is the millions digit of 677228084?
7
What is the tens digit of 29462301?
0
What is the units digit of 7270127?
7
What is the thousands digit of 748081?
8
What is the hundred millions digit of 208614115?
2
What is the units digit of 2235227896?
6
What is the units digit of 75257975?
5
What is the hundred thousands digit of 76057911?
0
What is the ten thousands digit of 615767768?
6
What is the units digit of 4200945617?
7
What is the hundred thousands digit of 349996132?
9
What is the ten thousands digit of 56061670?
6
What is the ten thousands digit of 307802658?
0
What is the hundreds digit of 1213521986?
9
What is the ten millions digit of 22910990?
2
What is the ten thousands digit of 337459530?
5
What is the tens digit of 63881429?
2
What is the ten millions digit of 88962570?
8
What is the hundreds digit of 653244203?
2
What is the ten thousands digit of 3547214486?
1
What is the thousands digit of 30467474?
7
What is the tens digit of 41024619?
1
What is the millions digit of 44256359?
4
What is the billions digit of 1415526682?
1
What is the ten thousands digit of 384757866?
5
What is the units digit of 41197925?
5
What is the millions digit of 47130487?
7
What is the millions digit of 170620845?
0
What is the units digit of 3940721157?
7
What is the hundred thousands digit of 3359320618?
3
What is the units digit of 209883900?
0
What is the hundreds digit of 57710346?
3
What is the millions digit of 140418734?
0
What is the ten thousands digit of 8883363037?
6
What is the ten millions digit of 4377924141?
7
What is the thousands digit of 328275849?
5
What is the tens digit of 2596976808?
0
What is the ten thousands digit of 12360740?
6
What is the hundreds digit of 521726667?
6
What is the billions digit of 1776017662?
1
What is the hundred millions digit of 702152432?
7
What is the ten thousands digit of 6145837092?
3
What is the hundred thousands digit of 136096316?
0
What is the millions digit of 61773549?
1
What is the tens digit of 255812592?
9
What is the hundred thousands digit of 1612563731?
5
What is the hundreds digit of 177283444?
4
What is the hundred thousands digit of 32614506?
6
What is the hundred thousands digit of 1054094758?
0
What is the hundred thousands digit of 59774540?
7
What is the hundred millions digit of 1257163901?
2
What is the hundreds digit of 70506508?
5
What is the ten thousands digit of 286035783?
3
What is the hundred thousands digit of 36362179?
3
What is the thousands digit of 753457709?
7
What is the ten thousands digit of 213388470?
8
What is the millions digit of 1559248115?
9
What is the tens digit of 1227178240?
4
What is the hundred thousands digit of 7549615657?
6
What is the ten thousands digit of 71992355?
9
What is the ten thousands digit of 2003005373?
0
What is the units digit of 246984216?
6
What is the hundreds digit of 7386812?
8
What is the millions digit of 28211853?
8
What is the thousands digit of 188546895?
6
What is the ten thousands digit of 57133533?
3
What is the ten thousands digit of 1296891421?
9
What is the units digit of 62119867?
7
What is the hundred millions digit of 394734316?
3
What is the ten millions digit of 140548292?
4
What is the tens digit of 4105787751?
5
What is the hundred thousands digit of 18552498?
5
What is the thousands digit of 941691979?
1
What is the thousands digit of 27403903?
3
What is the hundred millions digit of 308701832?
3
What is the tens digit of 403981576?
7
What is the units digit of 1274509692?
2
What is the hundreds digit of 7448855?
8
What is the tens digit of 636917607?
0
What is the units digit of 238577394?
4
What is the hundreds digit of 718370920?
9
What is the hundred millions digit of 332353546?
3
What is the hundreds digit of 97214935?
9
What is the thousands digit of 73004833?
4
What is the units digit of 155082380?
0
What is the ten thousands digit of 17306211?
0
What is the ten millions digit of 90583326?
9
What is the billions digit of 5484822212?
5
What is the thousands digit of 1514637171?
7
What is the tens digit of 88462910?
1
What is the units digit of 43931277?
7
What is the units digit of 4432277?
7
What is the ten millions digit of 174592268?
7
What is the tens digit of 140430192?
9
What is the millions digit of 112573713?
2
What is the hundred millions digit of 178243841?
1
What is the tens digit of 2142488810?
1
What is the thousands digit of 1661296?
1
What is the hundreds digit of 3938824039?
0
What is the ten millions digit of 230527143?
3
What is the ten thousands digit of 217347111?
4
What is the ten millions digit of 149311265?
4
What is the hundred thousands digit of 49661933?
6
What is the hundred millions digit of 343968750?
3
What is the units digit of 2851733881?
1
What is the thousands digit of 28695298?
5
What is the units digit of 7897620633?
3
What is the units digit of 5361645909?
9
What is the ten thousands digit of 556952950?
5
What is the units digit of 132930523?
3
What is the tens digit of 83076493?
9
What is the hundred thousands digit of 69936823?
9
What is the hundreds digit of 2517641095?
0
What is the billions digit of 8524007157?
8
What is the millions digit of 37612802?
7
What is the hundred thousands digit of 1059010746?
0
What is the units digit of 443977069?
9
What is the hundred thousands digit of 100588511?
5
What is the ten millions digit of 3668633541?
6
What is the hundred thousands digit of 725788211?
7
What is the hundreds digit of 367534716?
7
What is the hundreds digit of 496678096?
0
What is the ten millions digit of 548637634?
4
What is the tens digit of 640446004?
0
What is the hundreds digit of 107621154?
1
What is the millions digit of 1094356459?
4
What is the millions digit of 131425743?
1
What is the units digit of 1334016357?
7
What is the ten thousands digit of 24347265?
4
What is the millions digit of 171420261?
1
What is the hundreds digit of 25184653?
6
What is the units digit of 58467119?
9
What is the thousands digit of 222612511?
2
What is the tens digit of 86590738?
3
What is the hundred millions digit of 373161930?
3
What is the hundreds digit of 232202082?
0
What is the thousands digit of 83511505?
1
What is the hundred thousands digit of 89397565?
3
What is the ten thousa